
4
Let r(u) = -u + 10. Determine r(0).
10
Let w(a) = -a**3 - 8*a**2 - 14*a - 6. Give w(-8).
106
Let i(g) = -3*g**2 + 56*g - 36. What is i(18)?
0
Let k(i) = -6*i - 17. Determine k(-8).
31
Let l(x) = -x**2 - 4*x - 2. Determine l(-8).
-34
Let u(j) = -j**2 + 9*j + 14. Give u(10).
4
Let d(j) = -j**3 + 62. Give d(0).
62
Let i(q) = -q**3 + 7*q**2 - 7*q - 12. Calculate i(6).
-18
Let i(v) = -3*v**2 + 3*v - 2. Calculate i(2).
-8
Let a(l) = -l**3 - 9*l**2 - 14*l + 5. Calculate a(-6).
-19
Let z(h) = -5*h - 160. Give z(-31).
-5
Let r(p) = p**2 + 73*p + 739. Determine r(-61).
7
Let r(q) = -8*q + 18. Determine r(12).
-78
Let q(v) = -3*v + 54. Give q(20).
-6
Let p(b) = -26*b + 112. Calculate p(4).
8
Let z(m) = m**2 - m - 4. Calculate z(3).
2
Let f(m) = m**3 + 22*m**2 - 20*m + 24. Give f(-23).
-45
Let l(g) = 46*g + 909. Calculate l(-20).
-11
Let z(a) = a + 3. Give z(6).
9
Let g(k) = 5*k**3 + k**2 + 6*k - 8. What is g(1)?
4
Let l(x) = -56*x**3 + x**2. What is l(1)?
-55
Let c(w) = w**3 - 13*w**2 - 13*w - 1. Determine c(14).
13
Let j(z) = -z + 18. Give j(0).
18
Let q(w) = w + 6. Determine q(-6).
0
Let f(q) = q**2 - 4*q - 120. What is f(13)?
-3
Let y(v) = 2*v**2 - 3*v + 3. What is y(3)?
12
Let w(a) = -a**2 + 13*a - 15. Give w(10).
15
Let d(n) = 2*n**3 - 2*n**2 + 3*n + 3. What is d(-2)?
-27
Let n(w) = -2*w - 2. Give n(-6).
10
Let s(i) = 8*i - 9. Calculate s(-4).
-41
Let w(y) = -y + 17. Give w(10).
7
Let z(q) = q - 23. Calculate z(13).
-10
Let y(r) = 2*r**3 - 40*r**2 - 6*r + 107. Determine y(20).
-13
Let q(b) = b**2 - 6*b - 4. What is q(9)?
23
Let c(l) = -18*l**3 - l + 1. What is c(1)?
-18
Let z(n) = n**2 - 32*n + 178. Give z(8).
-14
Let x(r) = -4*r**2 - 11*r - 16. Give x(-5).
-61
Let v(m) = -4*m + 30. Give v(13).
-22
Let a(l) = 2*l - 11. Calculate a(6).
1
Let z(g) = -g**2 + 30*g - 66. What is z(28)?
-10
Let n(b) = -3*b**2 + b - 3. Give n(0).
-3
Let z(i) = i**2 + 7*i - 119. What is z(-14)?
-21
Let d(k) = -k**2 + 12*k - 4. Calculate d(8).
28
Let l(v) = -33*v + 12. What is l(-3)?
111
Let l(r) = r**3 - 4*r**2 + 7. What is l(3)?
-2
Let c(o) = o**2 - 3*o - 134. What is c(0)?
-134
Let y(d) = 2*d**3 + d**2 + 26. Determine y(0).
26
Let b(j) = 22*j + 11. Give b(-9).
-187
Let m(f) = -f**3 + f**2 + f + 36. What is m(0)?
36
Let v(t) = 17*t - 1. Determine v(-3).
-52
Let x(o) = -5*o + 46. What is x(11)?
-9
Let c(x) = -6*x - 11. What is c(7)?
-53
Let r(d) = -3*d**2 + 2*d + 3. What is r(4)?
-37
Let m(h) = 3*h - 21. What is m(8)?
3
Let c(h) = 6*h - 3. Determine c(-5).
-33
Let h(l) = -13*l**3 - l**2 - 2*l - 4. Give h(-2).
100
Let p(z) = -9*z**2. What is p(-1)?
-9
Let n(d) = -2*d - 10. Calculate n(5).
-20
Let i(k) = k**3 - 15*k**2 - 2*k + 21. Calculate i(15).
-9
Let r(s) = s**2 - 2*s + 3. Calculate r(3).
6
Let o(i) = 2*i + 58. Give o(-29).
0
Let s(d) = -21*d + 2. Calculate s(0).
2
Let k(o) = 3*o**2 + 52*o + 53. Calculate k(-16).
-11
Let a(v) = 4*v**2 + 32*v + 32. Give a(-1).
4
Let q(v) = -7*v - 7. What is q(-5)?
28
Let i(y) = -2*y + 2. Give i(1).
0
Let i(q) = -q**3 + 10*q**2 - 4*q - 64. Determine i(9).
-19
Let g(t) = t**2 - 4*t + 2. Give g(-7).
79
Let q(c) = -10*c**3 - 2*c**2 - 3*c - 4. What is q(-2)?
74
Let b(y) = y**2 + 23*y - 313. Calculate b(10).
17
Let m(q) = -q**2 + 7*q + 3. What is m(9)?
-15
Let d(v) = -v**3 - 5*v**2 + 7*v - 17. Give d(-7).
32
Let v(m) = m**3 - 5*m**2 + m - 18. What is v(5)?
-13
Let z(w) = 35*w + 284. Calculate z(-8).
4
Let v(m) = 2*m - 19. What is v(11)?
3
Let f(p) = p**2 + 9*p + 2. Calculate f(-6).
-16
Let f(z) = -7*z**3 - 3*z**2 - 2*z + 1. Calculate f(-2).
49
Let d(v) = -v**2 + 12*v - 22. Calculate d(13).
-35
Let q(u) = -u - 6. Calculate q(-5).
-1
Let d(t) = 3*t + 71. Give d(-17).
20
Let r(m) = -5*m**2 - 83*m - 54. What is r(-16)?
-6
Let h(p) = -p**3 - 9*p**2 + 2*p + 16. What is h(-9)?
-2
Let y(t) = -2*t + 16. Give y(13).
-10
Let o(q) = q**3 + 10*q**2 + 12*q + 1. What is o(-9)?
-26
Let n(c) = -c**2 + 54*c - 8. Give n(0).
-8
Let d(t) = -t**3 + 6*t**2 + t - 10. Give d(4).
26
Let n(p) = -p**3 - 15*p**2 + 35*p + 18. Calculate n(-17).
1
Let w(l) = -19*l - 36. Calculate w(-2).
2
Let m(a) = 13*a + 35. Determine m(-3).
-4
Let r(u) = u**3 - 9*u**2 - 3*u - 13. Calculate r(10).
57
Let c(k) = 78*k + 69. Give c(-1).
-9
Let w(v) = v**2 - 7*v - 21. Calculate w(8).
-13
Let o(j) = j + 53. Give o(-59).
-6
Let c(v) = 4*v - 22. Calculate c(6).
2
Let c(a) = -15*a - 6. What is c(-1)?
9
Let r(c) = -c**2 + 6*c - 2. Give r(5).
3
Let x(t) = 4*t**2 + 4*t + 6. Calculate x(-4).
54
Let x(v) = 71*v - 2702. Give x(38).
-4
Let y(p) = p - 5. Determine y(0).
-5
Let r(d) = 2*d**2 - 5*d - 2. Give r(-5).
73
Let i(o) = -24*o + 38. What is i(3)?
-34
Let y(g) = -2*g**3 - 24*g**2 + 2*g + 37. Determine y(-12).
13
Let c(q) = 4*q - 3. What is c(-4)?
-19
Let a(r) = -r**2 + 11*r - 26. Give a(6).
4
Let d(m) = m**2 + 7*m - 4. Determine d(-5).
-14
Let g(s) = 9*s + 23. Determine g(-3).
-4
Let k(w) = -w - 8. Determine k(-6).
-2
Let i(t) = -23*t - 788. Give i(-34).
-6
Let y(s) = 10*s - 1. What is y(1)?
9
Let c(b) = -3*b + 5. Calculate c(1).
2
Let j(c) = -7*c**2 - 4*c + 54. What is j(0)?
54
Let d(q) = -8*q - 13. Give d(7).
-69
Let y(u) = -192*u + 2110. Calculate y(11).
-2
Let q(s) = -6*s**3 - s**2. Determine q(1).
-7
Let x(c) = 5*c + 2. Calculate x(2).
12
Let m(l) = -11*l - 128. Determine m(-11).
-7
Let z(i) = 8*i - 1. Give z(1).
7
Let z(p) = 2*p + 5. Determine z(-4).
-3
Let z(a) = a**3 + 10*a**2 + 14*a + 49. Determine z(-9).
4
Let g(u) = -u**2 - 4*u + 3. What is g(-4)?
3
Let z(s) = -s**3 + 3*s**2 - 6. What is z(2)?
-2
Let c(n) = 7*n - 3. What is c(-5)?
-38
Let d(u) = -3*u - 59. What is d(-17)?
-8
Let u(i) = 8*i + 36. What is u(-5)?
-4
Let c(t) = -7*t - 76. Calculate c(-12).
8
Let v(b) = b**2 + 9*b - 11. Determine v(-10).
-1
Let f(l) = -5*l + 24. Give f(10).
-26
Let y(a) = -a**2 + 4*a + 4. Determine y(9).
-41
Let i(y) = -y**3 - 14*y**2 + 13*y - 18. What is i(-15)?
12
Let x(s) = -6*s + 3. Give x(2).
-9
Let a(g) = g**2 - 12*g - 55. Give a(-4).
9
Let i(c) = -32*c + 122. Give i(4).
-6
Let o(d) = -7*d - 39. Determine o(-5).
-4
Let u(i) = -28*i + 226. Determine u(8).
2
Let l(d) = 14*d - 3. Determine l(2).
25
Let p(g) = -24*g + 17. Give p(5).
-103
Let x(t) = -t**3 - 12*t**2 - 2*t - 21. Determine x(-12).
3
Let q(b) = -11*b + 31. Give q(11).
-90
Let u(q) = q**3 - 9*q**2 - 7*q + 7. Give u(10).
37
Let w(d) = 2*d**3 - 35*d**2 - 20*d + 27. Calculate w(18).
-9
Let f(o) = 2*o**3 - 23*o**2 - 15*o + 27. Give f(12).
-9
Let b(z) = -2*z**3 + 33*z**2 + 19*z - 15. Calculate b(17).
19
Let k(p) = -p**3 + 7*p**2 + 3*p + 6. Give k(7).
27
Let g(s) = -s**3 - 21*s**2 + s + 25. Determine g(-21).
4
Let o(u) = -2*u**2 + 28*u - 23. Determine o(11).
43
Let m(l) = -2*l**3 - 19*l**2 + 11*l - 4. Determine m(-10).
-14
Let m(a) = -9*a + 67. Give m(8).
-5
Let k(u) = 20*u + 63. Give k(-3).
3
Let g(m) = -2*m**2 + m + 56. Calculate g(-6).
-22
Let f(u) = -u**2 - 6*u - 8. Give f(-4).
0
Let q(k) = -k**3 - 6*k**2 - 2*k - 5. What is q(-6)?
7
Let u(g) = g**2 + 10*g + 38. What is u(-9)?
29
Let k(x) = x**3 - 3*x**2 - 4*x + 13. Calculate k(3).
1
Let m(u) = u**2 + 7*u + 23. Calculate m(0).
23
Let b(s) = -2*s**2 - 34*s - 4. What is b(-17)?
-4
Let l(j) = j**3 - 8*j**2 - 8*j - 12. Give l(9).
-3
Let p(m) = 10*m - 5. Determine p(-9).
-95
Let t(p) = 11*p**2 + 133*p + 31. Give t(-12).
19
Let r(q) = -q + 24. What is r(9)?
15
Let l(z) = -7*z - 161. Calculate l(-23).
0
Let w(j) = -j**2 - 4*j - 2. What is w(-4)?
-2
Let j(w) = -7*w - 181. Calculate j(-24).
-13
Let t(k) = -k**2 - 22*k - 59. Determine t(-19).
-2
Let j(h) = 3*h**2 - h - 1. Determine j(3).
23
Let a(o) = -2*o**3 + 4*o**2 - 4*o - 1. Determine a(3).
-31
Let m(b) = 11*b. Calculate m(5).
55
Let s(f) = -f - 4. Determine s(-10).
6
Let a(p) = p**2 + p + 36. What is a(0)?
36
Let n(q) = -q**2 + 10*q - 5. What is n(7)?
16
Let b(x) = 2*x**3 + 20*x**2 + 15*x. Calculate b(-9).
27
Let v(q) = -q**3 + 17*q**2 + 14*q + 24. Determine v(18).
-48
Let t(f) = 2*f - 3. Calculate t(0).
-3
Let r(t) = 223*t - 674. Calculate r(3).
-5
Let w(v) = 2*v**2 + 4*v. Determine w(-4).
16
Let a(q) = q**3 - 7*q**2 + 6*q - 5. What is a(6)?
-5
Let t(d) = -d**3 - d**2 + 2*d - 1. What is t(2)?
-9
Let g(v) = -2*v - 21. What is g(-3)?
-15
Let c(a) = 13*a + 33. Determine c(-3).
-6
Let g(u) = -u - 10. What is g(0)?
-10
Let g(a) = 28*a**2 + 141*a - 6. Giv